/b) composite?
False
Let d = -92 + 98. Suppose -11546 = -4*h + z + 2*z, d = -3*z. Is h composite?
True
Let v = -580 + 582. Suppose -5003 + 14060 = t + v*m, -3*m = -t + 9062. Is t prime?
True
Suppose 5*j - 3*v + 1359 = v, 0 = 4*j - 5*v + 1089. Let r be 33/(-11) + (0 - j*2). Let y = -285 + r. Is y a composite number?
True
Let h(w) = -16956*w + 1039. Is h(-35) composite?
False
Let t = -230 - 195. Let i = 162 - t. Is i composite?
False
Let i(w) = 413*w**2 - 6*w. Let y be i(4). Let b = y - 4485. Is b prime?
True
Let l(c) = -c**3 + 6*c**2 - 2*c - 12. Let y be l(5). Suppose 1910 = 5*p - y*v, -2*p + 345 = -v - 419. Is p a prime number?
False
Let n = 89 + -106. Is -18 - n - (-441 - -1) a composite number?
False
Suppose q = 5*u - 80, -4*u - q + 63 = -1. Suppose 0 = u*s - 21*s + 12175. Is s a composite number?
True
Suppose -4*g - 4*v + 36100 = 0, -6*g - v = -7*g + 9027. Suppose -g - 8000 = -3*h + n, -3*n - 5662 = -h. Is h composite?
True
Suppose 4*i - 4693 = 7387. Let w = i - 1497. Is w prime?
True
Let l(j) = -500024*j - 391. Is l(-3) prime?
True
Let z = -400165 + 1026143. Is z a composite number?
True
Suppose -5*c - g + 879861 = 0, 462*c + 3*g = 459*c + 527931. Is c a composite number?
True
Suppose 311698 = 24*o - 4497926. Is o prime?
True
Let h = 174 + -194. Let a = h + 1171. Is a a composite number?
False
Let i be (1 - 34/(-8)) + 42/(-168). Suppose l - 2*f - 169 = 1726, i*l - 9511 = -2*f. Is l composite?
False
Let j = -621 + 624. Suppose 0 = 8*n + j*n - 24145. Is n a prime number?
False
Let y(n) = 64973*n - 704. Is y(9) composite?
False
Suppose 438*g + 191*g = -4*g + 155870553. Is g prime?
True
Let p = -6277 + 14200. Suppose 1596 = u + 6142. Let k = p + u. Is k composite?
True
Suppose 3*c + 2*r - 17 = 0, 5*c = 5*r + 1 - 6. Let g be (c/(-2))/((-6)/(-128)). Let u = 87 - g. Is u a composite number?
True
Let g(j) = 3*j**2 - 2*j - 22. Let b be g(6). Suppose -b*w = -73*w + 39. Is w/12*-524*3/3 prime?
False
Suppose -18 = -5*n + 4*s, 4*n - s - 4*s = 18. Suppose -4*i = 4*w - 9504 - 424, -n*i + 2 = 0. Is w composite?
True
Let u(q) = -q**2 - 20*q + 39. Let j be u(-33). Is (662/(-4))/(j/(-132) + -3) a composite number?
True
Let c = 197071 + -133050. Is c prime?
False
Suppose 5*i = -2*d + 4390399, 20*i - 18*i - 2*d = 1756140. Is i composite?
False
Let u = -87 - -89. Suppose 2*m - 4*m = -d + 6, -2*m + 2 = d. Suppose 2*t - u*h - 587 = -3*h, d*h = 4. Is t composite?
False
Let s(i) = -2*i**3 + 29*i**2 + 17*i + 14. Let b(r) = -r**3 + 14*r**2 + 9*r + 7. Let k(z) = -5*b(z) + 3*s(z). Is k(8) composite?
False
Suppose -17*g + 3611648 = -1670643. Is g a composite number?
True
Let f be -4*(175/28)/(-5). Is 3/f - 256016/(-40) prime?
False
Let w(i) = i**3 - 10*i**2 - 6*i + 248. Is w(13) a composite number?
False
Let v(x) = -36 + 135*x + 60 - 41. Suppose -24 = -k - 3*k. Is v(k) prime?
False
Let z(d) = -36*d + 21. Let h(u) = 35*u - 21. Let i(k) = -4*h(k) - 3*z(k). Suppose -3*m = 40 - 28. Is i(m) prime?
True
Suppose -5*j - 16 = -3*q - 1, 2*j + 20 = 4*q. Suppose -q*i = 3*b - 377, 0*i = 3*b + 4*i - 373. Is b composite?
True
Let s = 70647 - 9080. Suppose -21*o = -10*o - s. Is o a composite number?
True
Let c be (2 + (-4 - -3))*(-44)/(-4). Suppose -8*a = -c*a + 3846. Suppose -f - a = -3*f. Is f prime?
True
Let h be ((-9)/(-12))/(36/240). Suppose 6*p - 3*a - 61127 = p, p - 12243 = h*a. Is p a composite number?
True
Suppose -63103719 = -67*m - 80*m. Is m composite?
False
Is 392092*((-99)/(-36))/11 a composite number?
True
Let o(h) be the first derivative of -5*h**4/4 + 8*h**3/3 + 31*h**2/2 + 5*h - 10. Is o(-4) a prime number?
False
Let b = 107333 - 44910. Is b a composite number?
False
Let q(t) = 49663*t - 268. Is q(3) prime?
True
Let t(y) = 6*y**3 - 11*y**2 + 3*y - 34. Let i be t(10). Let j = 8853 - i. Is j a composite number?
True
Suppose -181 = -9*n + 44. Suppose n - 65 = -5*x. Suppose -1441 - 1527 = -x*z. Is z prime?
False
Suppose -2*x - 5 - 23 = -4*t, -41 = -5*t + 4*x. Let n be (494/(-4))/(3/(-222)). Suppose -j + 3660 = 2*d, 11*j - 8*j = t*d - n. Is d composite?
True
Let x(m) = -m**3 - 4*m**2 - 3*m + 2. Let p be x(-3). Suppose -p*v + 0*s - 4*s = -6, -3*s - 3 = 0. Suppose -j = -4*l - 81, 2*l - 388 = -5*j + v*l. Is j prime?
False
Suppose 354209 = s + f, 354209 = 32*s - 31*s - 4*f. Is s a prime number?
True
Suppose 6*b - 48091 = -d + 11*b, 2*d - 96130 = -3*b. Is d composite?
True
Suppose -3*p + 6 = -3. Let h(o) be the second derivative of 11*o**5/10 - 5*o**4/12 + o**3/3 + 2*o**2 - 4*o. Is h(p) a prime number?
False
Suppose -2*u = -0*u + 4*t - 94090, -188216 = -4*u + 4*t. Is u prime?
True
Let s(z) = -105*z**3 - 3*z**2 - 2*z - 4. Let q be s(-2). Suppose 4*h + 5*u - 11625 = q, -h = -5*u - 3132. Is h prime?
False
Let x be (-1)/(-2) + 2/((-28)/(-175)). Suppose x*j - 7382 = 30669. Is j prime?
True
Let g(d) = 5249*d + 2157. Is g(14) a prime number?
False
Suppose 0 = 5*z - 522*w + 519*w - 204548, -204547 = -5*z + 2*w. Is z prime?
False
Let q = 144211 - 99443. Suppose 3*y - 5*l = -y + q, 2*y - 5*l - 22374 = 0. Is y composite?
False
Suppose w - 144767 - 117671 = 237103. Is w a prime number?
False
Let m(c) = -4*c**2 - c + 1901. Let x(b) = -11*b**2 - 3*b + 5703. Let z = -21 - -13. Let v(w) = z*m(w) + 3*x(w). Is v(0) prime?
True
Suppose -13 = -x + 2*m - 9, -5*x = -4*m - 20. Is (5 - (x + -1740)) + -8 prime?
True
Suppose 20 = 3*w + 4*z, 3*w + 158 = -5*z + 183. Suppose 0 = 3*x - 1244 - 1234. Suppose x = -w*d + 2*d. Is d a composite number?
True
Suppose 3*n = -j + 116068, 0*j - 5*n - 580480 = -5*j. Is j a prime number?
True
Let t(n) = 6874*n + 717. Is t(43) composite?
False
Suppose 5*m - 5*r = 225, -41 + 131 = 2*m - r. Is 2/9 + 1*6335/m a composite number?
True
Suppose 6*i - i = 0. Suppose 3*y + 3*r - 4929 = i, 8183 = 10*y - 5*y - 3*r. Is y a prime number?
False
Let x = 125526 - 67548. Suppose x = 12*i + 6*i. Is i composite?
False
Let q(i) = 122*i**3 - 3*i**3 - 2*i + 191*i**2 + 7 + 61*i**3 - 189*i**2. Let m = 2 - 0. Is q(m) composite?
False
Suppose 564*b + 39088 = 562*b. Is b/42*(-6)/4 prime?
False
Let g be 5914 - 0 - 0/2. Suppose 6*l + g - 19222 = 0. Suppose l - 872 = 2*r. Is r prime?
True
Suppose -4 = -3*q - 25. Let s(j) be the first derivative of -9*j**4/4 + 4*j**3/3 + 5*j**2/2 + 23*j + 712. Is s(q) prime?
True
Let v(x) = 163874*x - 28. Let g be v(-1). Is g/(-54) + 8/(-36) composite?
True
Let c = -23030 - -279339. Is c a composite number?
True
Let k(x) = 139*x**2 - 26*x + 148. Is k(-19) a prime number?
True
Let v be ((-44)/(-5))/(-2)*-5. Let q be ((-78)/91 + 26/(-84))/((-2)/5268). Let a = q + v. Is a a prime number?
False
Let m be 620/(-50) + 6/(-10). Let o(g) = 1. Let w(h) = -2*h**2 - 16*h - 33. Let x(s) = -2*o(s) - w(s). Is x(m) prime?
False
Let q be 0 + 1 - (1 - 13). Let b(c) = 13*c + 29. Let o be b(q). Suppose -620 = -a - o. Is a a composite number?
True
Let u be 6/(-9) + (-2 - (-220)/6). Suppose 3*h + 5*x = u, 0*h - 21 = -2*h - 3*x. Suppose -3064 - 2273 = -h*y. Is y a composite number?
True
Let v = 5738 - 3424. Let z be (-63)/42*(-7 + 1). Suppose z*t - v = 7*t. Is t a composite number?
True
Suppose -5*t = -g - 520731, -145*t - 3*g = -150*t + 520723. Is t composite?
False
Let b = -67 + 69. Suppose 2*x = -b*x - 2100. Let l = x + 1160. Is l composite?
True
Let g = -110 - -120. Let v(y) be the third derivative of y**6/120 - y**5/6 + 11*y**4/24 + 2*y**3 - 4*y**2. Is v(g) prime?
False
Let v(k) = 830*k**2 + 54*k + 965. Is v(-8) prime?
True
Suppose 26*n + 90 = 11*n. Is (3508/n)/((-6)/9) a composite number?
False
Suppose 1241862 = 7*v - 100962. Suppose -15*s = -39*s + v. Is s a prime number?
True
Let f(n) = -n - 12. Let s be f(-12). Suppose s = 161*u - 168*u + 16877. Is u a composite number?
False
Let g = 164504 + 9135. Is g prime?
False
Let m be (8632 - -36) + -1*3. Suppose -2*j + p = -4335, 2*p + m = 4*j + p. Is j a composite number?
True
Let o be (1 - (-100350)/12) + 2/(-4). Suppose -c + 2*c - o = 5*m, 5*m = -5*c + 41755. Is c prime?
True
Is (2875758/24)/((-15)/(-12)*(-6)/(-30)) prime?
False
Suppose 5*l + 2*s = -21, s + 3*s + 12 = -4*l. Suppose 0 = -4*j + 3*b - 29229, -5*b - 21669 = 5*j + 14876. Is j/(-20) + 2/l prime?
False
Is ((-30)/(-24) + -2)*2641752/(-54) a composite number?
False
Suppose -8*a = 5*h - 12*a + 175042, -3*h = 5*a + 105040. Let d = 9141 - h. Is d a composite number?
True
Suppo